139 is divided by r.
34
Let s = 62 - 40. Calculate the remainder when ((-246)/9)/(((-10)/(-6))/(-5)) is divided by s.
16
Let u(b) = -34*b + 14. Suppose 4*m + 2 + 22 = 0. Let f be u(m). Suppose 2*r = -48 + f. Calculate the remainder when r is divided by 22.
19
Let y(x) = -4*x**3 + x**2 + x. Suppose 0 = -4*g + 18 + 306. What is the remainder when y(-2) is divided by 765/g - 8/18?
7
Suppose 0 = -2*n - 0*n + 52. Suppose 13*w + 0*w = 2*w. Suppose 2*j + j - 309 = w. What is the remainder when j is divided by n?
25
Suppose -13*n - 49 + 673 = 0. Calculate the remainder when 286 is divided by n.
46
Let s(u) = -u**3 - 9*u**2 - 16*u - 13. What is the remainder when s(-9) is divided by 24?
11
Suppose 8*v - 274 = 478. What is the remainder when v is divided by 25?
19
Suppose 65*f - 62*f = 267. Let u = -8 + 26. What is the remainder when f is divided by u?
17
Let i = -32 - -40. Let y(t) = t + 8. Calculate the remainder when y(6) is divided by 8 - i/(8/4).
2
Suppose 3*u - 32 = -u. Let s(w) = -2*w**3 - 2*w**2 + 2*w + 2. Let y be s(-2). Calculate the remainder when (37 + 8)*2/y is divided by u.
7
Suppose 9*z - 2600 = -5*d + 4*z, -3*z - 9 = 0. What is the remainder when d is divided by 24?
19
Let y = 48 + -45. Let x(d) be the third derivative of d**6/120 - d**5/10 + d**4/12 - d**3/3 - d**2. What is the remainder when x(6) is divided by y?
1
Let f = 314 - 283. Calculate the remainder when 204 is divided by f.
18
Suppose 5*m - 251 - 204 = 0. Suppose 0 = y - 5, -2*q + m = -0*y + y. Calculate the remainder when 257 is divided by q.
42
Suppose 4*n - 8*n = -w - 938, -5*w + 480 = 2*n. Calculate the remainder when n is divided by 34.
31
Let v = -95 + 103. Suppose -v*z = -4*z - 200. Calculate the remainder when z is divided by 17.
16
Let w = 12 - 8. Suppose -5*h - x + 86 = 0, 2*h - 2*x - 28 = -w*x. Calculate the remainder when 71 is divided by h.
17
Let p(x) = 3*x**2 - 6*x + 2. Suppose 0 = 37*o + 11*o - 1728. What is the remainder when p(-5) is divided by o?
35
Let h = 426 + -217. Suppose 3*v = h - 29. Calculate the remainder when 238 is divided by v.
58
Suppose 46 = 4*u + 14. Let k = 49 + -11. Calculate the remainder when k is divided by u.
6
Let u = 24 - 53. Let m = u + 88. Suppose -310*y = -321*y + 165. What is the remainder when m is divided by y?
14
Let z(y) be the first derivative of y**3/3 - y**2 + 11*y - 12. Calculate the remainder when z(6) is divided by 12.
11
Let u(g) = 6*g**2 + 9*g - 15. Let r(m) = -5*m**2 - 10*m + 15. Let i(f) = 5*r(f) + 4*u(f). Calculate the remainder when i(-11) is divided by 17.
14
Let h = -539 - -780. Calculate the remainder when h is divided by 51.
37
Suppose -131 = -2*p + w, -33*p + 35*p + 4*w - 106 = 0. What is the remainder when 126 is divided by p?
0
Suppose -527 = -4*t - 7. Calculate the remainder when t is divided by 23 - ((1 - 4) + 4).
20
Let f(z) = 3*z - 10. Suppose -5*g = -0*g - 10. Suppose -166 = -4*q + g*q. What is the remainder when q is divided by f(8)?
13
Let k = -132 + 195. What is the remainder when 501 is divided by k?
60
Let r(v) = v**3 - 24*v**2 - 25*v + 3. Suppose 2*q = 5*n - 24, 4*n = -n - 5*q + 45. What is the remainder when n is divided by r(25)?
0
Let h(p) = 14*p**3 + 2*p**2 - p. Let v be h(1). What is the remainder when ((-63)/15)/((-3)/v) is divided by 8?
5
Suppose -5*y = -4*x + 2236 - 146, 2*x - 5*y = 1040. Suppose 4*h - x = 5*p, 4*h = h - 2*p + 388. What is the remainder when h is divided by 44?
42
Let l = 7 + 14. What is the remainder when 1/(-3) + (-543)/(-9) is divided by l?
18
Suppose -j + 2*j = 5. Calculate the remainder when 26 is divided by j.
1
Suppose 0 = -3*w + 5*s - 25, 7 = 2*w + 4*s - 13. Suppose -l = 4*g - 11, l + w*g - 25 = 3*g. Calculate the remainder when l is divided by 10.
9
Suppose 0 = 14*t - 6*t - 24. Suppose 4*l - t*l - 36 = -3*v, -244 = -5*l + v. Calculate the remainder when 143 is divided by l.
47
Let t(c) = 15*c + 83. Let d = -11 + 16. What is the remainder when t(-4) is divided by d?
3
Suppose 75 = 9*i - 6*i. Calculate the remainder when i is divided by (170/100 - 9/6)*35.
4
Let t(m) = -m**2 - 6*m + 9. Let g be t(-7). What is the remainder when 25 is divided by 1*(6 - (g + -3))?
4
Suppose 0 = -4*w - 27 + 3. Calculate the remainder when 328/5 - (w/(-10) - 1) is divided by 27.
12
Let p be (3/(-2))/((-19)/38). Suppose 2*b - 4*t = 38, 0 = p*b + 5*t - 7 - 28. What is the remainder when 52 is divided by b?
7
Suppose 0*x - 4 = -2*x, 2*v - x - 2 = 0. Let w(a) = -a + 1. Calculate the remainder when w(-5) is divided by v.
0
Let t be 6*((-755)/(-3))/5. Suppose 3*b - t = b. Suppose 107*u + 190 = 112*u. What is the remainder when b is divided by u?
37
Let f = 2092 - 1391. What is the remainder when f is divided by 78?
77
Suppose t + 256 = 2*d, -3*t = -6 + 18. Let z = -3626 + 3658. What is the remainder when d is divided by z?
30
Let x(c) = 2*c**2 - 4*c + 5. Let w be x(2). Let i = 14 - w. Suppose -57 - i = -2*s. Calculate the remainder when s is divided by 17.
16
Suppose 0 = -10*l + 5*l + 120. Suppose 43*k - 4335 + 379 = 0. Calculate the remainder when k is divided by l.
20
Suppose r + 7 = 7. Suppose r = -5*h + 248 + 67. Calculate the remainder when h is divided by 17.
12
Let a(h) = -h**2 + 0 - 1 + 5*h - 1. Let j be a(4). Suppose -5*t + 83 = -3*y, -2*y - 2*y = j*t - 54. Calculate the remainder when 74 is divided by t.
17
Suppose 1267 + 84 = 4*t + 5*l, -4*t = -4*l - 1360. What is the remainder when t is divided by 13?
1
Let s(w) = w + 22. Let x be s(0). Let j = 71 - x. What is the remainder when j is divided by 2/(-6) - 40/(-3)?
10
Let q = 319 + -189. Calculate the remainder when q is divided by 22.
20
Suppose 3*h - 13 + 4 = 0. Suppose s + 1 + 0 = 2*j, -2*j - s + h = 0. Calculate the remainder when 1/2*j*14 is divided by 2.
1
Let o be ((-131)/(-3) + 1)*(12 + -6). Suppose -o + 106 = -6*u. What is the remainder when 51 is divided by u?
24
Suppose -18*p + 484 = 4*p. What is the remainder when p is divided by 12?
10
Suppose -n = -2*i - 2 - 18, -11 = -n + 5*i. What is the remainder when 173 is divided by n?
17
Let w(d) = -12*d + 15. Calculate the remainder when w(-6) is divided by 22.
21
Let h(z) = -3*z**3 - 13*z**2 + 8*z - 27. Calculate the remainder when h(-7) is divided by 62.
61
Let d = -504 + 593. Calculate the remainder when d is divided by 23.
20
Calculate the remainder when 11 is divided by (-6)/1 + (87 - 75).
5
Let l be 1*((-4 - -4) + 3). Suppose -x + 44 = -8*n + l*n, -3*x + 4*n = -99. Let i = -14 - -29. What is the remainder when x is divided by i?
14
Let n be (-14)/(-4) + (-36)/24. Suppose -2*l + 69 = l + 3*z, -n*l + 5*z = -81. What is the remainder when l is divided by 15?
13
Suppose -8*a - 1697 = 2655. What is the remainder when a/(-24) + 1/3 is divided by 7?
2
Suppose 0 = 2*a + 5*w - 64, -3*a + 2*w = 7*w - 91. Let s(b) = -b**3 - 18*b**2 - 2*b + 42. What is the remainder when s(-18) is divided by a?
24
Suppose 0 = -39*y - 2449 + 6895. What is the remainder when y is divided by 6/(3/10*1)?
14
Suppose 20 = 2*m + f, -4*m + 3*f + 73 = 23. What is the remainder when 12 is divided by m?
1
Let r be -31 - (-7)/(7/2). Let a = 37 + r. Let q = 8 + 21. What is the remainder when q is divided by a?
5
Suppose 3*m = -4*y + 116 + 84, 0 = -y + 4*m + 69. Let j = -27 - -42. Calculate the remainder when y is divided by j.
8
Let r(d) = 2*d - 18. Let w be r(8). Let t(q) = -14*q - 3. Suppose 3*i = -0*i - v + 21, v = 3*i - 21. Calculate the remainder when t(w) is divided by i.
4
What is the remainder when 24 is divided by (14/28)/(3/72)?
0
Suppose 3*n = 4*p + 457, -568 = -4*n - p - 4*p. Calculate the remainder when n is divided by 67.
13
Let a(c) = 7*c**2 - 19*c + 34. Let n(x) = -3*x**2 + 10*x - 17. Let g(r) = 2*a(r) + 5*n(r). What is the remainder when g(6) is divided by 11?
8
Suppose -390 + 26 = -4*m. Let b = m + -53. Calculate the remainder when 75 is divided by b.
37
Let m(x) = -5*x + 14. Let q(o) = -7*o + 21. Let c(a) = -a - 10. Let r be c(-5). Let y(i) = r*q(i) + 8*m(i). Calculate the remainder when y(-4) is divided by 15.
12
Let q be 3/(-12) + (-927)/(-12). Let r = 38 + q. Suppose -5*g + r = -10. Calculate the remainder when g is divided by 13.
12
Let n = -281 - -326. Calculate the remainder when n is divided by 25.
20
Suppose 2*v - 44 = -3*d - 0*d, 0 = -4*d - 4*v + 64. What is the remainder when 22 is